j = z - 0. What is the units digit of z?
6
Let h(v) = -v**3 + 4*v + 5. Let l be h(-3). Suppose -3*o + l + 16 = 0. Suppose 5*b + o - 128 = -4*p, -3*p + 5*b + 87 = 0. What is the units digit of p?
9
Suppose 0 = -11*c + 14*c - 3378. Suppose -2*p + c = 4*o, 4*o - 4*p - 1166 = -46. What is the tens digit of o?
8
Suppose -5*a + 4*q = 36 + 12, 3*a = 5*q - 34. Let x = -6 - a. Suppose 0 = -x*o + 2*i + i - 13, 3*o = -i + 8. What is the units digit of o?
1
Suppose -5*q = s - 1826 - 2400, -3*q + 2540 = 5*s. Suppose 5*m - q = -4*k, m + 566 = 2*k + 161. Suppose 6*z = z + k. What is the tens digit of z?
4
What is the tens digit of ((-104)/39)/((-4)/1374)?
1
Let d = 2811 - 1868. What is the units digit of d?
3
Let k = 12 - 8. Suppose -2 = l - 4*h, -2*l - 52 = k*h - 12. Let i = -4 - l. What is the tens digit of i?
1
Let w be (-67 - (-6)/2) + 4. Let p be w*(-3 - 16/(-6)). Suppose -y - 2 = -p. What is the tens digit of y?
1
What is the hundreds digit of 3*1/5 - (-3134)/10?
3
Let t(n) = n**2 - 11*n - 10. Let k be t(12). Suppose 6*q - 2*c + 742 = 9*q, -k*c - 488 = -2*q. What is the units digit of q?
6
Let b = 14 + -12. Suppose b*z = 2*a + 116, 0 = -2*a - 0*a + 2. What is the tens digit of z?
5
What is the hundreds digit of -17*(-5)/(-20)*(-93 - -1)?
3
Suppose -3*f + 2*n + 20 = 3*n, 3*n = -4*f + 30. Suppose 192 = f*r - 984. What is the hundreds digit of r?
1
Suppose 2*o = 5*o - 12. Suppose -11 + 27 = o*x. Suppose 0 = -x*b + 2*q + 170, 5*q = q + 12. What is the tens digit of b?
4
What is the thousands digit of (-22)/33 + -3 + (-4244)/(-3)?
1
Let d = 266 + -258. Let t(l) = 24*l**2 - l. Let c be t(-1). Suppose 0 = 7*m - d*m + c. What is the units digit of m?
5
Suppose 5*d = -0 - 65. Let c = d + 21. What is the units digit of (-2)/c + 121/4?
0
Suppose 3*c - 6 - 6 = 0. Suppose -c*d + 428 = 4*l, -3*d + d + 2*l + 206 = 0. What is the tens digit of d?
0
Suppose -7 - 9 = -4*l. Suppose -h + 4*x + 0 = -21, -4*h + 36 = -l*x. What is the units digit of h?
5
Let j(z) = 5 + z - z**3 + 2*z**2 - 5*z**2 + 2*z**2. Let s be j(0). Suppose -5*k - s*o + 65 = -0*k, 5*o = 15. What is the tens digit of k?
1
Let c(b) be the first derivative of b**4/4 - 8*b**3/3 + 6*b**2 + 8*b + 35. Let w = 17 - 11. What is the units digit of c(w)?
8
Suppose -3*g + n = -6618, 2*n = 4*g - 3*n - 8824. What is the units digit of g?
6
Suppose 6*p - 18 = -3*p. Suppose p*y = -8*y + 810. What is the tens digit of y?
8
Let l(x) = 60*x**2 - 5*x + 4. Suppose -2*g - 24 = -26. What is the units digit of l(g)?
9
Let f(t) = t**3 - 8*t**2 - 2*t + 22. What is the hundreds digit of f(18)?
2
Let g = 30 + -16. Suppose g = p + p. Suppose p + 9 = o. What is the tens digit of o?
1
Suppose -4 = -y + 61. Let c be (-10 + 2)/((-1)/(-4)). Let m = c + y. What is the tens digit of m?
3
Let z(j) = -j**2 + j + 19. Let b be z(0). Suppose -l = -5*r + b, 5*r - 21 = 4*l - 5. Suppose w = 3*u - 71, 0 = -u + 4*u + r*w - 91. What is the tens digit of u?
2
Let b be (-5)/(-20) - (-30)/8. Suppose 3 = -b*v - 1. What is the units digit of -4*(-51)/(-12)*v?
7
Suppose 2*l - 4*g - 7 = 11, 5*l - 29 = 2*g. Suppose -v = -l*v - n + 26, -3*v - 4*n + 26 = 0. What is the units digit of v?
6
Let l(g) be the second derivative of g**3/2 - 2*g**2 + 67*g. Suppose 0 = 3*p - 8 - 10. What is the tens digit of l(p)?
1
What is the tens digit of (-2 - 1) + 4/(32/376)?
4
Suppose 6*o - 8*o - 5*z + 2435 = 0, 0 = 2*o + 3*z - 2429. What is the units digit of o?
0
Suppose 4*s + 2*l = -s + 2314, 0 = 4*s - 2*l - 1844. What is the units digit of s?
2
Let s = 2218 - -259. What is the units digit of s?
7
Let d(c) = 113*c - 51. What is the hundreds digit of d(6)?
6
Suppose -2*x + 50 = -0*x. Let s be (-18)/5 + 15/x. What is the tens digit of (-186)/(-7) - s/7?
2
Let y = -15 - -20. Suppose -2*q + 8 = 0, -4*c - y*q + 3*q = -40. Suppose 0 = b + 3*j + 7, -c + 1 = 4*b + 5*j. What is the units digit of b?
2
Let i(u) = 11*u**2 + u + 2. Let y = 28 - 31. What is the tens digit of i(y)?
9
Suppose 2*w - 16 = -6*w. Suppose k - 2*h - 211 = -w*k, -1 = -h. What is the tens digit of k?
7
Suppose 4*b = 4*m - 100, 0*m = -3*m + 4*b + 75. What is the units digit of 105*((-5)/m + 1)?
4
Suppose 0*p - a = 5*p - 70, 0 = 2*a + 10. Suppose 240 = -p*t + 19*t. What is the units digit of t?
0
Let t(p) = -56*p**2 - p + 1. Let n be t(1). Let l = -90 - -92. What is the units digit of -5*(l - n/(-20))?
4
Let n(o) = o + 8. Let d be n(0). Suppose -d = -4*k + 2*k. Suppose 0 = 3*c - 0*b + 2*b - 30, -c - k*b = -20. What is the units digit of c?
8
Let a(h) = -h**2 + 12*h - 27. Let o be a(8). Let c(q) = 3*q**2 - q + 22. What is the units digit of c(o)?
2
Let z be (-1)/(-5) + (-649)/(-5). Let s be 21/28 - 26/(-8). Suppose -s*n = n - z. What is the units digit of n?
6
Suppose -5*p + 5 = 0, -2*p = -4*i - 3*p + 33. Suppose -3*n = -i*n + 10. Suppose -8 = -4*y + n*y. What is the units digit of y?
4
Suppose -1554 + 6654 = 17*r. What is the hundreds digit of r?
3
What is the units digit of 3 + (-15440)/(-50) - (-2)/10?
2
Let g = 169 + -53. Let u = 124 - g. What is the units digit of u?
8
Let p(g) = g**3 - 35*g**2 + 100*g + 86. What is the hundreds digit of p(32)?
2
Suppose -4*w - 206 - 390 = -3*f, -396 = -2*f + 2*w. What is the hundreds digit of f?
1
Let o(w) = -3*w**3 - 10*w**2 + 14*w + 20. What is the units digit of o(-9)?
1
Let b be 3 + 2/2 + 12. Suppose 19*z - b*z = 414. What is the hundreds digit of z?
1
Let i(b) = -8*b + 2. Let m be i(4). Let l = 31 + m. What is the tens digit of -6 - (l - 5) - -32?
3
Let n be (-12)/78 + 490/(-26). Let a = 21 + n. Suppose a*u + 4*y - 33 = -y, 2*u - 38 = -4*y. What is the tens digit of u?
2
Let d = -16 - -17. Let o(m) = -15*m - 1 - m**2 - m**2 - d + m**2. What is the tens digit of o(-12)?
3
Let x be (-570)/(-135) - (-4)/(-18). Suppose -5*v - 3 = -x*v. What is the tens digit of -5 - -1 - v - -62?
6
Suppose 0 = -4*z + 5*q + 331, -127 = -2*z - 4*q + 71. Suppose -z = -g + 48. What is the tens digit of g?
3
Let z = 424 - 172. What is the tens digit of z?
5
Let p = -457 - -1112. What is the hundreds digit of p?
6
What is the hundreds digit of 10/(-40) + (-22482)/(-8)?
8
Let d(f) = f**2 - 11*f + 32. Suppose -3*w = -7*w + 16, g - 2*w - 1 = 0. What is the units digit of d(g)?
4
Suppose -4*i - 16 = 0, 64 = 4*o - i - 0*i. Suppose 2*v + v = o. Suppose v*y = 2*y + 54. What is the tens digit of y?
1
What is the tens digit of 5*218*21/42?
4
What is the thousands digit of (350/(-45) - -8) + (-114875)/(-45)?
2
Let h = 2 - 159. Let j = h - -249. What is the units digit of j?
2
Let i be 0/((-8 - -6)*(-2)/(-4)). Suppose 2*u - 54 = -i*f + 4*f, -u - 5*f + 55 = 0. What is the units digit of u?
5
Let t = 556 - -668. What is the hundreds digit of t?
2
Let x(w) = -w**3 + 6*w**2 - w - 2. Suppose 5*n - z + 1 = 0, 4*n = 8*n + z + 8. Let q(s) = -5*s. Let u be q(n). What is the tens digit of x(u)?
1
Let i(l) = 1066*l**2 - 18*l + 19. What is the tens digit of i(1)?
6
Suppose 4*k - 370 = 162. Suppose 0 = -5*t - 2*t + k. What is the tens digit of t?
1
Let x be 2 - -2 - (-9 + -2). Let p = 19 - x. Suppose 5*d - 13 = -3*n, 0 = 3*d + 7*n - p*n - 9. What is the units digit of d?
2
Suppose -2 - 6 = -2*c. What is the units digit of 86 - ((-60)/c)/(-5)?
3
Let u(l) = -4*l + 8 - 3 + 9. What is the units digit of u(-7)?
2
Let i(g) = 9*g + 6*g + 9 - 15. Let k be i(-4). Let f = 139 + k. What is the tens digit of f?
7
Let d(l) = -l**3 - 12*l**2 - 5*l - 6. Let x be d(-12). Suppose -3*s - x = -12*s. What is the units digit of s?
6
Let r = 26 + -35. Let f be (-84)/r + (-5)/15. Let i = f + 35. What is the units digit of i?
4
Suppose 4*h - 134 = 102. Suppose -2*d - 83 = 3*u, -2*u - 5*d - 52 - 7 = 0. Let x = h + u. What is the tens digit of x?
3
Suppose 0 = -3*k - 8 - 4. What is the hundreds digit of (-163)/(-3)*(9 + -6) - k?
1
Let h(w) = 132*w - 1. Let i be h(1). Let g = i + -68. What is the units digit of g?
3
Suppose 5*b = g + 30, 8*b + 3*g - 10 = 3*b. Suppose -25 + 4 = -b*a + 4*l, -2*a - 2*l - 6 = 0. What is the units digit of a?
1
Let s(y) be the third derivative of -y**6/120 - 2*y**5/15 + 5*y**4/24 + 5*y**3/3 + y**2. Let v = 399 - 408. What is the tens digit of s(v)?
4
Let r(y) be the third derivative of -y**6/120 - y**5/12 + y**3/3 - 3*y**2. Let v(f) = 2*f**2 + 11*f + 6. Let b be v(-4). What is the tens digit of r(b)?
3
Suppose 5*c - 4